igit of u?
7
Suppose 18*p - 848 - 6604 = 0. What is the tens digit of p?
1
Let w be 3 - 6 - -2*(-375 + 2). What is the tens digit of -1 + 3/2 + w/(-14)?
5
Let l = 22 - 11. Suppose 5*j + 378 = l*j. What is the tens digit of j?
6
Let x(s) = 76*s + 109. What is the tens digit of x(16)?
2
Let d(u) = 4*u + 2*u - 51 - 3*u + 45. What is the tens digit of d(9)?
2
Let o = 51 - 45. What is the tens digit of 88/o*(-39)/(-26)?
2
Suppose -6*c + 11*c = 35. Let r = 33 - c. What is the units digit of r?
6
Suppose c + g = 3, -4*c + 2*g + 2 - 8 = 0. Suppose 4*q + q - k - 928 = c, 2*q - 379 = 3*k. Suppose 0 = -4*x + q - 53. What is the tens digit of x?
3
Suppose 3*f - 4 = 2. Suppose f*y + 0 = 6. Suppose 5*x - d - 3*d = 104, -d + 59 = y*x. What is the tens digit of x?
2
Let j = -2876 + 6590. What is the hundreds digit of j?
7
Let b be (0 + 2)/(-2) + 1*4. Suppose 23 = b*p - 136. What is the tens digit of p?
5
Suppose -4*s - 1612 = -2*y + 298, 3*y - 2872 = -s. What is the hundreds digit of y?
9
Let k = -14 - -23. Let x = k + -9. Let f(h) = -h**2 - h + 26. What is the units digit of f(x)?
6
What is the tens digit of ((-9)/(54/(-4)))/((-6)/(-2043))?
2
Suppose -4 = -4*x - 20. Let d be (0 + -1)*(x + -1). Suppose -q + d*q - 60 = 0. What is the tens digit of q?
1
Let u(d) be the third derivative of 11*d**5/30 - 5*d**4/24 + d**3/3 + 26*d**2. What is the hundreds digit of u(3)?
1
What is the units digit of -4*(56/(-16) + (-2)/8)?
5
Let m = -41 + 41. Suppose -260 = -m*h - 4*h. What is the tens digit of h?
6
Let m = 15 - 15. Suppose f + 5*b - 120 = -2*f, -3*b = m. What is the units digit of f?
0
Let j(o) = 4 + 2*o - o - 18. Let f be j(13). What is the units digit of ((-6)/12)/(f/18)?
9
What is the units digit of 16304/(7 + -15)*1/(-2)?
9
Let p = -7922 - -11802. What is the units digit of p?
0
Suppose h + 1 = 3*q, -7 = -5*h + 2*q + 14. Let f(g) = g**3 - 6*g**2 + 6*g + 2. What is the units digit of f(h)?
7
What is the tens digit of (3*2/(-4))/(180/(-69600))?
8
Suppose 4*q - 536 = -0*q. What is the tens digit of q?
3
Let f(m) = 7*m**2 - 14*m + 9. Let i(v) = 8*v**2 - 13*v + 10. Let l(z) = 6*f(z) - 5*i(z). What is the units digit of l(13)?
5
Let s(y) = -y**3 + 31*y**2 + 31*y + 4. Let o be s(32). What is the tens digit of ((2160/o)/5)/(9/(-42))?
7
Suppose 2*o - 86 - 34 = -4*q, -2*o - q = -114. Let i = 43 + o. What is the tens digit of i?
9
What is the units digit of 12726/12 - (-9)/(-2)?
6
Suppose 4*i - 270 = -p, -4*i + 27 = -4*p - 253. Let n(z) = z**3 + 2*z**2 + z - 2. Let g be n(-3). Let s = g + i. What is the tens digit of s?
5
Let s = 732 + 551. What is the thousands digit of s?
1
Suppose -98 = -5*g - r, 5*g + 4*r = 65 + 27. Suppose 0 = -g*u + 23*u - 165. What is the units digit of u?
5
Suppose -3109*j + 3114*j - 9155 = 0. What is the thousands digit of j?
1
Let o(z) = -15*z**3 - 2*z**2 - 5*z + 21. What is the units digit of o(-4)?
9
Let v(z) = 4*z**3 - 13*z**2 - 33*z + 21. What is the tens digit of v(13)?
8
Let p(l) = l - 6. Let v(m) = -1. Let s(d) = -p(d) - 3*v(d). Let c be s(5). What is the tens digit of 2/c*(14 + 36)?
2
Suppose t + 3*d - 17 = 0, 0 = 2*t - 0*t + 5*d - 30. Suppose 4*r - 729 = -t*r. What is the units digit of r?
1
Let a be (-10)/3 - 2/(-6). Let j(z) = -2*z**3 + 4*z**2 + 2*z + 3. What is the tens digit of j(a)?
8
Suppose -u - 8 = -19. Suppose 13*v - 30 = u*v. What is the units digit of v?
5
Let l(p) = -p**2 - 7*p + 1. Let x(j) = j - 9. Let y be x(15). Let v be (4 + -3)/(-1)*y. What is the units digit of l(v)?
7
Suppose -10*r - 50358 = -52*r. What is the units digit of r?
9
What is the tens digit of (-2 - (-442)/(-7))/(79/(-553))?
5
Let u = 242 - 168. What is the tens digit of u?
7
Let q be (-1 + 3 + -4)/(-1). Let d be (29 - -2) + (-1 - q). Let i = d + -15. What is the units digit of i?
3
Suppose 0 = 3*g - 98 - 157. Let c = g - 47. Let i = c + -6. What is the tens digit of i?
3
Suppose 5*d = 2*d - 102. Suppose -4*c + z - 8 = 0, 9*z = -c + 5*z + 15. What is the tens digit of c/(0 - (-2)/d)?
1
Suppose 0 = -8*v + 1098 + 4566. What is the units digit of v?
8
Suppose 446*z = 465*z - 48336. What is the tens digit of z?
4
Let n be 4/(1/14*-2). Let h = 11 - n. Let w = h - 26. What is the tens digit of w?
1
Suppose t = 5*c + 3044, -45*t + 48*t = 3*c + 9120. What is the hundreds digit of t?
0
Let a = 32 + -12. Suppose -a = -0*q - q. Suppose 0 = t - 2*t + q. What is the tens digit of t?
2
Let i(h) = h**2 + 10*h + 20. Let n be i(-11). Suppose 0 = 2*c - n - 143. What is the units digit of c?
7
Let b(m) be the third derivative of -m**6/240 + 2*m**5/15 - 5*m**4/24 + 5*m**2. Let q(n) be the second derivative of b(n). What is the tens digit of q(-5)?
3
Suppose l = 2 - 9. Let u(d) = -d + 6. What is the tens digit of u(l)?
1
Let r(a) = a**3 - 8*a**2 + 13*a - 12. What is the tens digit of r(10)?
1
Suppose 0*p - 7260 = -20*p. What is the hundreds digit of p?
3
Suppose 0 = -3*h - 2*u + 6599, 5*h + 4*u - 5832 = 5163. What is the thousands digit of h?
2
Suppose 3*x = 10 - 4. What is the tens digit of x*(-1)/1 - -70?
6
Let j be (-1)/((-6)/(-8))*-3. Suppose 0 = -j*v - v. Suppose 4*m = v, 0*t + 4*t - 3*m = 40. What is the units digit of t?
0
Let z(k) = k**2 + 14*k - 25. What is the units digit of z(-18)?
7
Suppose -3*g + 1460 = 785. What is the tens digit of g?
2
Let w(g) = -g**3 + 34*g**2 - 94*g + 8. What is the units digit of w(30)?
8
Let t = -3501 + 8390. What is the thousands digit of t?
4
Suppose -6 - 54 = -3*m. Suppose -2*j + m = 2*j. What is the units digit of j?
5
Let s(j) = -2*j - 3. Let b be s(-3). Suppose b*n + 29 = -79. What is the units digit of (-3)/5 + n/(-10)?
3
What is the tens digit of -84 + 82 - (0 + -1239)?
3
Let w(r) = 11*r**3 + 6*r**2 - 60*r + 263. What is the units digit of w(5)?
8
What is the tens digit of 0 + 4 + 1998 + 3?
0
Let f be (-1546)/(-6) + 36/(-54). Suppose -b = -4*m + f, -b = -m + 6*m - 310. What is the units digit of m?
3
What is the units digit of ((-153)/3)/(117/(-8346))?
8
Let u(d) = 3*d. Let n be u(1). Let c be (102/(-459))/((-1)/9). What is the units digit of -2 + (n - c) - -3?
2
Let d(m) = -4*m**3 + 3*m**2 - m - 2. Let k be d(2). What is the units digit of (-16)/k - (-118)/3?
0
Let l(k) = 176*k + 16. Let v be l(3). Suppose 0 = -4*w - x + 539, -4*w = -x - 3*x - v. What is the units digit of w?
5
Let g(o) be the second derivative of o**5/20 + 3*o**4/4 + 5*o**3/6 - 9*o**2/2 + 5*o. Let u be g(-8). What is the units digit of (-132)/15*u/(-6)?
2
Let c(s) = 2*s**2 - 8*s + 13. Let x be c(3). Let z(b) = 3 - 6 + 4*b - 3. What is the units digit of z(x)?
2
Let s be 310/6 - (-5)/15. What is the tens digit of (s/(-6))/(476/(-231) - -2)?
4
Let r(v) be the first derivative of -v**2/2 + 8*v + 8. What is the tens digit of r(-26)?
3
Let p(y) = -19*y**3 + y**2 - 5*y - 16. What is the units digit of p(-3)?
1
Let i = -3 + 6. Suppose 0 = i*u - 67 + 22. What is the units digit of u?
5
Suppose k - 4*v - 11 = 72, 4*k - 5*v - 332 = 0. Let n = k + -41. What is the tens digit of n?
4
Let m = 21 + -17. Suppose 0*y + 4*b = m*y - 12, -y = -5*b - 7. Suppose v - 39 = -3*z, 3*v - y*z - 50 - 12 = 0. What is the units digit of v?
4
Let i(t) = 2*t**3 + 18*t**2 - t - 1. Let y be i(-9). Suppose -y*h = -0*h - 384. What is the units digit of h?
8
Let z = -13 - -15. Suppose -z*t - 4*y + 96 = 0, -t + 0*t - 3*y + 46 = 0. What is the tens digit of t?
5
Let y(d) = -d**3 - 9*d**2 + 3. Let x be y(-9). Suppose -x + 0 = -h. Suppose h*a + 30 = 8*a. What is the units digit of a?
6
Let r(d) = d**3 - 6*d**2 - 2*d - 40. Let s be r(9). Let p = -3 - -8. Suppose -p*z + 110 + s = 0. What is the units digit of z?
9
Suppose -5*l + 6 = 3*u, 2*l + 4*u + 0 - 8 = 0. Suppose -2*x - 523 = -3*h, l = 5*h + x - 345 - 544. What is the hundreds digit of h?
1
Let q be -4*(1642/(-24) + (-4)/(-6)). Suppose 4*w - 5*f - q = 0, 0 = -w + f + 105 - 37. What is the units digit of w?
9
Let t(a) = -17*a - 27. Let b be t(-9). Let l = 41 + b. What is the hundreds digit of l?
1
Let y(d) = -d**3 - 2*d**2 + 3*d + 6. Let s be y(-5). Suppose s = 3*v - 0*v. Suppose -3*m - 5*l + v = 0, 5*l + 4 - 18 = -m. What is the units digit of m?
4
Let p(t) = -t**2 + 9*t - 1. Let x be p(8). Suppose v = 3*r + r + x, -v + 5*r + 4 = 0. What is the units digit of v?
9
Let c(k) = -7*k + 582. What is the hundreds digit of c(-16)?
6
What is the thousa